66526?
6
What is the units digit of 775069685?
5
What is the units digit of 342151357?
7
What is the hundreds digit of 122922978?
9
What is the units digit of 3180466924?
4
What is the hundred thousands digit of 2218860282?
8
What is the thousands digit of 12567940?
7
What is the units digit of 176313558?
8
What is the units digit of 445915877?
7
What is the units digit of 2466996312?
2
What is the tens digit of 4067340?
4
What is the units digit of 1868951390?
0
What is the ten thousands digit of 8850074?
5
What is the billions digit of 1505469348?
1
What is the units digit of 621766896?
6
What is the millions digit of 93197762?
3
What is the thousands digit of 1302523256?
3
What is the ten thousands digit of 30108124?
0
What is the tens digit of 3107699537?
3
What is the ten thousands digit of 1422419743?
1
What is the thousands digit of 97641742?
1
What is the millions digit of 369639495?
9
What is the ten millions digit of 353032100?
5
What is the thousands digit of 57018103?
8
What is the thousands digit of 137413045?
3
What is the hundred thousands digit of 11707894?
7
What is the ten thousands digit of 344086250?
8
What is the tens digit of 72051592?
9
What is the thousands digit of 18779245?
9
What is the thousands digit of 56137225?
7
What is the hundreds digit of 114669167?
1
What is the hundred thousands digit of 1055873571?
8
What is the hundred thousands digit of 1327415779?
4
What is the billions digit of 1046094737?
1
What is the millions digit of 2787868610?
7
What is the units digit of 232953662?
2
What is the hundreds digit of 43488711?
7
What is the hundred thousands digit of 14120705?
1
What is the hundred thousands digit of 81196690?
1
What is the hundred millions digit of 395920143?
3
What is the millions digit of 1927119857?
7
What is the hundred millions digit of 167230904?
1
What is the ten millions digit of 5933846742?
3
What is the tens digit of 100189690?
9
What is the ten millions digit of 3470274712?
7
What is the ten thousands digit of 1181711800?
1
What is the ten thousands digit of 2407972388?
7
What is the tens digit of 40178068?
6
What is the hundred thousands digit of 97694457?
6
What is the tens digit of 24888220?
2
What is the ten millions digit of 2241056199?
4
What is the thousands digit of 1232018186?
8
What is the ten thousands digit of 279070188?
7
What is the units digit of 581029183?
3
What is the thousands digit of 190649981?
9
What is the ten millions digit of 3630100474?
3
What is the ten thousands digit of 164271998?
7
What is the ten thousands digit of 14669476?
6
What is the hundreds digit of 44073671?
6
What is the units digit of 178200214?
4
What is the hundreds digit of 4465070559?
5
What is the hundred millions digit of 177808112?
1
What is the hundred thousands digit of 871874728?
8
What is the millions digit of 44431293?
4
What is the hundreds digit of 574112329?
3
What is the units digit of 188547732?
2
What is the tens digit of 102506713?
1
What is the ten thousands digit of 492143490?
4
What is the hundred thousands digit of 1923814592?
8
What is the thousands digit of 4791726153?
6
What is the units digit of 147810303?
3
What is the ten millions digit of 246596368?
4
What is the ten thousands digit of 132918958?
1
What is the units digit of 330246136?
6
What is the ten millions digit of 43920064?
4
What is the thousands digit of 4124377629?
7
What is the ten millions digit of 3022345584?
2
What is the ten thousands digit of 363073690?
7
What is the thousands digit of 335948384?
8
What is the hundreds digit of 52509010?
0
What is the ten thousands digit of 821355778?
5
What is the ten thousands digit of 20358591?
5
What is the hundred thousands digit of 428528138?
5
What is the ten thousands digit of 238065297?
6
What is the hundreds digit of 2219426465?
4
What is the units digit of 1908845874?
4
What is the units digit of 187080569?
9
What is the ten millions digit of 167981196?
6
What is the ten thousands digit of 2890655298?
5
What is the thousands digit of 115452237?
2
What is the thousands digit of 279073184?
3
What is the billions digit of 1885900933?
1
What is the units digit of 7155783505?
5
What is the ten thousands digit of 155978?
5
What is the tens digit of 164486500?
0
What is the hundreds digit of 137206775?
7
What is the hundreds digit of 18933430?
4
What is the hundred millions digit of 144225709?
1
What is the ten thousands digit of 5247644350?
4
What is the thousands digit of 94167080?
7
What is the units digit of 297080156?
6
What is the tens digit of 31375243?
4
What is the hundreds digit of 39647626?
6
What is the ten thousands digit of 98172064?
7
What is the ten thousands digit of 326002993?
0
What is the thousands digit of 71597839?
7
What is the hundred thousands digit of 136695771?
6
What is the hundreds digit of 162964756?
7
What is the ten thousands digit of 481491450?
9
What is the millions digit of 238693713?
8
What is the ten thousands digit of 1538918?
3
What is the millions digit of 22772297?
2
What is the thousands digit of 231393926?
3
What is the hundreds digit of 65310061?
0
What is the ten millions digit of 55890013?
5
What is the hundred thousands digit of 97273758?
2
What is the millions digit of 3265411179?
5
What is the hundreds digit of 54726421?
4
What is the ten thousands digit of 1932976119?
7
What is the tens digit of 2992006877?
7
What is the thousands digit of 20862173?
2
What is the hundreds digit of 176873412?
4
What is the thousands digit of 146660269?
0
What is the hundred thousands digit of 288088955?
0
What is the hundred millions digit of 8034641300?
0
What is the units digit of 572253365?
5
What is the ten thousands digit of 76373466?
7
What is the hundred thousands digit of 1940201?
9
What is the millions digit of 67321830?
7
What is the millions digit of 27794286?
7
What is the thousands digit of 3273845?
3
What is the billions digit of 2582853259?
2
What is the ten millions digit of 16416228?
1
What is the ten millions digit of 729882080?
2
What is the hundred thousands digit of 21935555?
9
What is the hundreds digit of 88210289?
2
What is the hundreds digit of 15322903?
9
What is the hundreds digit of 59821960?
9
What is the units digit of 347859531?
1
What is the billions digit of 1127818870?
1
What is the ten millions digit of 146981142?
4
What is the hundred millions digit of 288048817?
2
What is the thousands digit of 61553380?
3
What is the tens digit of 730042710?
1
What is the ten thousands digit of 4296854151?
5
What is the ten thousands digit of 7024878347?
7
What is the ten millions digit of 103662882?
0
What is the thousands digit of 169860213?
0
What is the ten thousands digit of 2424910544?
1
What is the tens digit of 103654397?
9
What is the ten millions digit of 61516828?
6
What is the hundred millions digit of 638871595?
6
What is the billions digit of 2216271825?
2
What is the thousands digit of 193504892?
4
What is the units digit of 1636776570?
0
What is the hundred thousands digit of 40673511?
6
What is the ten thousands digit of 4157185417?
8
What is the hundreds digit of 411097050?
0
What is the thousands digit of 4395865385?
5
What is the tens digit of 195861831?
3
What is the thousands digit of 4567534494?
4
What is the hundred thousands digit of 1990688242?
6
What is the tens digit of 458548006?
0
What is the hundreds digit of 4478184437?
4
What is the thousands digit of 16787194?
7
What is the ten thousands digit of 4145022?
4
What is the units digit of 1700215838?
8
What is the hundred millions digit of 1889223297?
8
What is the ten millions digit of 3204329205?
0
What is the thousands digit of 1603555368?
5
What is the units digit of 183374039?
9
What is the millions digit of 2156599103?
6
What is the units digit of 439845807?
7
What is the ten thousands digit of 104680408?
8
What is the ten millions digit of 36782062?
3
What is the hundred millions digit of 270172422?
2
What is the ten millions digit of 169703577?
6
What is the ten thousands digit of 313943922?
4
What is the millions digit of 165843395?
5
What is the hundreds digit of 386381973?
9
What is the ten thousands digit of 5444167096?
6
What is the tens digit of 1805016463?
6
What is the thousands digit of 779447100?
7
What is the t